-6)*10/4. Let t(k) = -k**3 + 14*k**2 - 13*k - 4. Let u be t(13). Let b be (33 - 29)/(u/(-15)). Calculate the greatest common factor of w and b.
15
Let y = -664 - -666. Let a = 2 + 1. Suppose -a*w = -15, -2*u + 0*u + y*w = 0. Calculate the highest common divisor of 2 and u.
1
Let w be 203*1 - (1 + -1). Suppose -y = 4*k + 24, k = 3*y + 111 - 52. Let u = y + 49. Calculate the highest common factor of w and u.
29
Suppose 77*b + 925 = 3928. Calculate the greatest common factor of 2743 and b.
13
Let m be (30933/(-42))/((-6)/4). Let k = m + -453. Calculate the highest common factor of k and 19.
19
Let o = -6345 - -6872. What is the greatest common factor of 221 and o?
17
Suppose 2*s + 392 = 3*z, 406 = -2*z + 5*z - 4*s. Calculate the greatest common divisor of z and 4242.
42
Let v be (954/10 - -1) + (-6)/15. Suppose -14*w + 8*w = -v. Suppose -5*n - 73 - w = -2*l, 0 = 4*n + 20. What is the highest common factor of l and 8?
8
Let u = 6098 + -5548. What is the highest common factor of u and 50?
50
Let w(p) = 12*p + 174. Let f(z) = -2*z - 35. Let r(j) = 16*f(j) + 3*w(j). Let m be r(11). What is the highest common factor of m and 39?
3
Suppose 14*l - 2826 = -3*l - 276. Calculate the highest common factor of l and 6400.
50
Let j be 6*(1/6 + 5/30). Let p(z) = -85*z + 4. Let d be p(j). Let s = -96 - d. Calculate the greatest common divisor of s and 35.
35
Let w be 13/2 - (-2)/(-4). Let r = 753 - 740. Let f = w + r. Calculate the highest common divisor of 19 and f.
19
Let k(t) = -t**3 + 126*t**2 - 255*t + 1219. Let l be k(124). What is the highest common factor of l and 338?
13
Suppose -23752 = -9*p - 2*c, -5*c + 5256 = 2*p - 9*c. Calculate the highest common factor of p and 4.
2
Let f be 128/68 - (-10)/85. Suppose 10*c - 753 = -5*a + 11*c, 0 = 4*a - f*c - 606. Calculate the greatest common factor of 50 and a.
50
Let k(q) = 33*q**2 + q. Let b(j) = -8*j - j**2 - 9 + 7*j + 7*j + j. Let c be b(5). Let h be k(c). What is the greatest common factor of 102 and h?
34
Let l(h) = h**2 - h. Let z(y) = 8*y**2 + 41*y. Let b = 9 - 6. Let i(j) = b*l(j) + z(j). Let n be i(-6). What is the highest common factor of 12 and n?
12
Let f = 35467 + -35376. Calculate the highest common divisor of f and 1057.
7
Suppose 310 - 58 = 2*m. Let p be 0*1/4 + -56. Let w = p + m. Calculate the highest common factor of w and 28.
14
Let p(l) = -3*l + 85. Let u be p(27). Suppose -5*w + 5 = 0, 5*b = -0*b + u*w + 176. What is the highest common factor of 342 and b?
18
Suppose -8 - 27 = -5*i. Let g = -644 - -646. What is the highest common factor of g and i?
1
Let s = 352 - 209. Let n be (1/(-1))/((-11)/s). What is the highest common divisor of 65 and n?
13
Let y(b) = 5*b**2 - 188*b + 3933. Let t be y(43). What is the highest common factor of t and 45?
9
Let t = 19904 - 19553. What is the highest common factor of t and 975?
39
Suppose 4*i = 3*v - 48 - 64, 3*v - 108 = 3*i. Suppose -58 = -10*b + v. Calculate the greatest common divisor of b and 63.
9
Suppose -3*t - 6*t - 76*t + 13260 = 0. Calculate the greatest common divisor of t and 2067.
39
Let k(g) = -2*g + 2. Suppose -3*u = -2 - 1. Let m be k(u). Suppose -2*f + 3*h + 497 = -m*f, 2*h + 502 = 2*f. What is the highest common divisor of 32 and f?
32
Suppose 99*o - 101*o = 3*w - 2383, 0 = 3*w - o - 2377. Calculate the greatest common divisor of 143 and w.
13
Let p = -3885 + 3905. Calculate the greatest common divisor of 500 and p.
20
Let i be ((-1)/(-2))/(2/8). Let t = -3478 - -3487. What is the highest common factor of t and i?
1
Suppose q + 76*q = -80*q + 10205. What is the highest common factor of q and 3887?
13
Suppose 5*w = -3*d + 175, 0 = 2*d + 3*w + 1043 - 1157. Calculate the highest common divisor of d and 1185.
15
Let a(g) = -g**2 - 20*g + 745. Let u be a(-39). Let f = 46 + -42. Calculate the highest common divisor of u and f.
4
Suppose 4*y + 111 - 246 = 5*h, 3*y + 2*h = 130. Let v be 2/(-5) + (-8106)/(-15). What is the greatest common divisor of v and y?
20
Suppose 11*x - 8*x = 5*f + 322, 84 = x + 3*f. Suppose 24*u - x = 15*u. Calculate the greatest common factor of u and 121.
11
Suppose 0 + 0 = s. Suppose -2*l = -s*l - 68. Let r be 65/16*4 + (-6)/(-8). What is the highest common divisor of r and l?
17
Let d(p) = -p**2 - 8*p - 15. Let c be d(-6). Let m be c + 7 - -4*1/(-4). Let h(q) = -q - 7. Let b be h(-8). Calculate the highest common divisor of m and b.
1
Let m(k) = 688*k**2 - 33*k - 1. Let r be m(-1). Calculate the greatest common factor of 3720 and r.
120
Let d = -635 + 397. Let s be ((-9)/6)/(51/d). Suppose -270 = 2*h - 7*h + 5*a, a = 2*h - 110. Calculate the greatest common factor of s and h.
7
Let s(k) = k**3 + 9*k**2 - 23*k - 181. Let p be s(-5). Calculate the greatest common factor of 474 and p.
2
Let x(d) = 648*d - 561. Let f be x(16). What is the greatest common factor of 42 and f?
21
Suppose 51*y - 54*y + 6483 = 5*p, -4*y - 3*p = -8655. Suppose 801 - y = -7*g. Calculate the greatest common factor of g and 260.
65
Let i be 8879/(-1366) + 139258/4. Calculate the greatest common divisor of 152 and i.
152
Let y be 112/(-48)*(-7 - 62/(-14)). Let q = 170 + -29. Let z = 207 - q. What is the highest common divisor of y and z?
6
Suppose 0 = -215*d + 213*d + 12. Let s(t) = 2*t**3 + 2*t**2 + 5*t + 5. Let i be s(d). What is the highest common divisor of 98 and i?
49
Suppose 0 = -22*j - 10*j + 3712. What is the highest common divisor of j and 30?
2
Suppose -490*t - 912660 = -596*t. Calculate the highest common factor of 20 and t.
10
Let s(d) = 9*d + 203. Let j be s(-2). Calculate the highest common divisor of 1184 and j.
37
Suppose 22*p - 18 = 25*p. Let g be -9 - 160/(-12) - (-2)/p. Suppose -3*h = 3*v - 402, -5*v - 110 = -5*h + g*h. What is the highest common divisor of h and 10?
10
Suppose -274*z + 333*z - 111864 = 0. Calculate the highest common factor of 16 and z.
8
Let n be -30*(-20 + -4 + 2). Let k(w) = 5*w**2 - 16*w + 44. Let d be k(4). Calculate the highest common factor of d and n.
60
Suppose 75*l = 76*l - 363. Suppose -f - 3*t = -77, 4*t = -3*f - 2*f + l. Calculate the greatest common factor of 1278 and f.
71
Let q = -52 - -262. Suppose 5*x - q = 105. Let r be ((-4)/((-24)/x))/(4/40). What is the greatest common divisor of 42 and r?
21
Suppose 4*w + 5*r - 281 = 809, 3*r = -6. Suppose -60 - 40 = -4*l. Calculate the greatest common factor of w and l.
25
Let n be 370 + (-4)/24 + 4/24. Calculate the highest common divisor of 130 and n.
10
Suppose -9*m + 24313 = -4838. What is the greatest common divisor of m and 79?
79
Let z be 3 + 1144/12*6/8*82. What is the highest common divisor of 14 and z?
14
Suppose 5*a + 39 = f, 4*f + 4*a - 44 - 40 = 0. Suppose 0 = -2*k - 16 + 208. Calculate the greatest common divisor of k and f.
24
Let z be 17 + (-63)/3 - -144. What is the greatest common divisor of z and 1764?
28
Let i(w) = -w**2 + 17*w - 27. Let a be i(9). Suppose -5*g = -3*v - 378, -g + 3*v = -33 - a. Calculate the highest common factor of g and 30.
15
Let y(z) = z**2 - 13*z + 26. Let v be y(2). Suppose v*c = -4*s + 656, -3*s - 235 = -5*c - 695. Calculate the highest common factor of s and 10.
10
Let l(k) = -5*k + 1. Let y be l(-3). Suppose -181*i + 427*i = -245*i + 43208. What is the greatest common divisor of i and y?
8
Let x = -152 + 200. Suppose -x*q = -42*q - 60. What is the greatest common factor of 115 and q?
5
Let p be (0 + (-238)/17)*-18. What is the highest common factor of p and 396?
36
Let b = -2271 - -2307. Calculate the greatest common factor of b and 3132.
36
Suppose 100*y = 85*y + 10170. Suppose 682*k = y*k + 3604. What is the greatest common divisor of 53 and k?
53
Suppose -3282*y - 546 = -3308*y. What is the greatest common factor of 1085 and y?
7
Let l = 1647 - 1551. Let h = 1 + 5. Calculate the highest common divisor of l and h.
6
Let l be (924/21 + -28 - -40) + -8. Suppose 5*h - 821 = -0*s - s, 3*h = 3. Calculate the greatest common divisor of s and l.
48
Suppose -13*o = 283 - 10. Let l(m) = 7*m + 157. Let t be l(o). Calculate the highest common factor of 70 and t.
10
Let d = 1 - -14. What is the greatest common divisor of d and 1875?
15
Let l(n) = n**3 - 4*n**2 + 3*n + 1. Let g be l(4). Suppose -8876 + 156 = 20*w. Let k = w + 579. What is the greatest common factor of g and k?
13
Let f = 124 - 80. Suppose -231 = -